38 and 18.
6
Calculate the greatest common factor of 501 and 244655.
167
Calculate the highest common factor of 4522 and 25802.
266
What is the highest common divisor of 3096181 and 1903?
1903
What is the highest common factor of 51 and 1777299?
51
What is the greatest common divisor of 106632 and 145138?
2962
Calculate the greatest common factor of 114 and 5046.
6
Calculate the greatest common factor of 112508 and 176.
44
What is the highest common divisor of 164595 and 15?
15
Calculate the greatest common factor of 705 and 1059756.
141
Calculate the highest common divisor of 12 and 30930.
6
What is the highest common factor of 651070 and 284?
142
Calculate the greatest common divisor of 69111 and 18.
9
What is the greatest common divisor of 25671 and 1161?
129
Calculate the highest common divisor of 7636 and 7751.
23
What is the greatest common divisor of 2976 and 6231?
93
Calculate the highest common factor of 120 and 32115.
15
Calculate the highest common divisor of 42594 and 744.
186
What is the greatest common factor of 1057426 and 190?
38
Calculate the highest common factor of 7056 and 469616.
784
What is the greatest common divisor of 4179 and 3383?
199
Calculate the greatest common factor of 1026 and 212922.
54
Calculate the highest common divisor of 49 and 52619.
7
What is the greatest common divisor of 10147 and 19126?
73
Calculate the highest common divisor of 4017 and 193125.
309
Calculate the greatest common divisor of 23 and 64331.
23
Calculate the highest common divisor of 793 and 10907.
13
Calculate the highest common factor of 7194 and 110.
22
Calculate the greatest common divisor of 157511 and 31.
31
Calculate the highest common factor of 4066 and 106552.
38
Calculate the highest common factor of 800 and 172550.
50
What is the highest common factor of 4712 and 38936?
248
What is the highest common factor of 3345231 and 123?
123
Calculate the highest common divisor of 3654 and 1237140.
522
What is the greatest common divisor of 2125 and 119?
17
Calculate the greatest common factor of 376 and 1032.
8
Calculate the greatest common factor of 6475 and 5271945.
1295
Calculate the greatest common divisor of 376 and 732824.
376
Calculate the highest common divisor of 374 and 75427.
11
Calculate the greatest common divisor of 417 and 108420.
417
Calculate the highest common divisor of 4488 and 455928.
264
What is the greatest common divisor of 1071 and 245973?
357
What is the highest common divisor of 133668 and 376?
188
What is the greatest common factor of 29807 and 328?
41
What is the highest common divisor of 925853 and 47?
47
What is the greatest common factor of 95 and 2114415?
95
What is the highest common divisor of 272 and 2516?
68
Calculate the highest common divisor of 73126 and 5.
1
Calculate the highest common divisor of 2143 and 2.
1
What is the highest common divisor of 20993 and 63?
7
What is the greatest common divisor of 1593715 and 10?
5
What is the greatest common factor of 32 and 113824?
32
What is the greatest common factor of 2596 and 3652?
44
What is the greatest common factor of 69701 and 47?
47
What is the highest common factor of 972 and 1319733?
243
Calculate the greatest common divisor of 116307 and 9.
9
What is the highest common divisor of 1233 and 66321?
9
What is the greatest common factor of 26 and 155766?
26
What is the greatest common factor of 1260 and 581?
7
What is the greatest common divisor of 221 and 275587?
221
Calculate the highest common factor of 3288 and 336.
24
Calculate the greatest common factor of 12931 and 1544.
193
What is the highest common factor of 9523 and 107?
107
Calculate the greatest common factor of 6501060 and 12.
12
What is the highest common factor of 156520 and 210?
70
What is the greatest common factor of 1995 and 29505?
105
Calculate the highest common divisor of 1176 and 3912.
24
What is the greatest common divisor of 400 and 22048?
16
What is the greatest common divisor of 635 and 1397?
127
Calculate the greatest common divisor of 10494 and 2178.
198
What is the highest common factor of 50328 and 5400?
216
Calculate the highest common divisor of 3756 and 1572.
12
Calculate the highest common factor of 2916 and 377676.
108
What is the highest common divisor of 317 and 8?
1
Calculate the highest common factor of 184840 and 400.
40
Calculate the greatest common divisor of 230 and 7705.
115
What is the greatest common divisor of 4970134 and 988?
494
Calculate the highest common factor of 77331 and 3633.
519
What is the highest common divisor of 780 and 105?
15
What is the greatest common factor of 347681 and 9367?
551
What is the greatest common factor of 3465 and 7785?
45
What is the highest common factor of 3198 and 205?
41
Calculate the highest common factor of 179010 and 324.
162
Calculate the highest common factor of 482715 and 3825.
765
Calculate the greatest common factor of 5616 and 676.
52
Calculate the greatest common divisor of 14 and 10374364.
14
What is the highest common factor of 1255604 and 28?
28
What is the highest common divisor of 750 and 13425?
75
What is the greatest common factor of 5656 and 206?
2
Calculate the greatest common divisor of 6588 and 5612.
244
What is the greatest common factor of 6759496 and 1072?
536
Calculate the greatest common factor of 55 and 108515.
55
What is the greatest common factor of 1868 and 44?
4
What is the highest common divisor of 756 and 9096?
12
What is the highest common divisor of 380082 and 6?
6
What is the greatest common factor of 4140 and 12564?
36
What is the greatest common divisor of 587500 and 376?
188
Calculate the greatest common factor of 1955 and 2295.
85
Calculate the greatest common divisor of 15 and 3483.
3
Calculate the greatest common factor of 285 and 600.
15
Calculate the highest common divisor of 137233 and 74.
37
What is the greatest common factor of 3540 and 15812?
236
What is the highest common divisor of 322920 and 3420?
180
Calculate the highest common divisor of 125 and 40125.
125
What is the highest common divisor of 580624 and 154?
22
Calculate the highest common factor of 2 and 50654.
2
Calculate the greatest common factor of 790 and 87532.
158
What is the greatest common factor of 504007 and 178?
89
What is the greatest common factor of 11331270 and 274?
274
What is the greatest common divisor of 170 and 618290?
170
What is the highest common factor of 16 and 299168?
16
Calculate the greatest common factor of 39633 and 429.
33
What is the highest common factor of 2625 and 3300?
75
What is the highest common divisor of 44307 and 81?
81
Calculate the highest common divisor of 220 and 342620.
20
Calculate the greatest common divisor of 1564 and 10580.
92
What is the highest common factor of 245 and 14280?
35
What is the greatest common divisor of 3712 and 450080?
928
What is the greatest common divisor of 342810 and 1170?
1170
Calculate the highest common factor of 4346 and 4428.
82
What is the highest common factor of 6855750 and 125?
125
What is the highest common divisor of 122 and 119743?
61
What is the greatest common factor of 171552 and 28?
4
What is the greatest common divisor of 888 and 37928?
8
Calculate the highest common factor of 59587 and 209.
11
What is the greatest common factor of 2759 and 2047?
89
What is the highest common factor of 318 and 9864?
6
What is the greatest common divisor of 47520 and 310?
10
Calculate the greatest common factor of 207915 and 17015.
415
What is the greatest common divisor of 115905 and 135?
15
Calculate the greatest common factor of 169251 and 48.
3
Calculate the greatest common factor of 2660 and 52345.
95
Calculate the highest common divisor of 40523 and 245.
49
What is the highest common factor of 1146349 and 62?
31
Calculate the highest common divisor of 2976 and 16800.
96
Calculate the highest common factor of 1088 and 384.
64
Calculate the greatest common divisor of 31280 and 22168.
136
What is the highest common divisor of 2833047 and 189?
63
Calculate the greatest common factor of 112775 and 50.
25
Calculate the greatest common divisor of 2336 and 707516.
292
Calculate the greatest common divisor of 64290 and 24.
6
What is the highest common divisor of 3057183 and 324?
81
Calculate the highest common factor of 1141602 and 11